 w(o) = o**2 + 2717*o - 267139. What is w(95)?
1
Let s(l) = l**3 - 3*l**2 - 32*l + 91. Calculate s(-6).
-41
Let t(v) = -124*v**3 + 2407*v**2 + 1462*v - 35. Give t(20).
5
Let i(t) = -45836*t + 183348. What is i(4)?
4
Let m(p) = -2*p**3 - 102*p**2 - 755*p + 35. Calculate m(-42).
-7
Let c(p) = -p**3 - 196*p**2 - 8637*p + 727. Give c(-129).
-47
Let g(k) = -40*k**2 - 2344*k - 4511. Calculate g(-2).
17
Let y(x) = -30*x**2 + 1427*x + 14174. What is y(56)?
6
Let f(s) = s**3 + 6*s**2 + 2780*s + 19521. Determine f(-7).
12
Let w(c) = 19738*c - 4046301. Calculate w(205).
-11
Let u(l) = -73*l**3 + 7*l**2 + 16*l - 20. Give u(1).
-70
Let z(d) = -27*d**2 - 6920*d - 2825. What is z(-256)?
-777
Let z(i) = 907*i**3 - 28*i**2 - 37*i - 3. What is z(-1)?
-901
Let t(a) = 1297*a**2 - 14*a + 21. Calculate t(1).
1304
Let d(r) = 56*r**2 - 112*r - 113. Calculate d(-1).
55
Let h(u) = 5*u**3 - 413*u**2 - 584*u - 206. Calculate h(84).
130
Let r(m) = -38*m**2 + 665*m - 358. Calculate r(17).
-35
Let g(l) = 2*l**3 + 362*l**2 + 381*l + 3820. What is g(-180)?
40
Let g(b) = -b**3 - 17*b**2 + 7190*b + 101251. Calculate g(-14).
3
Let n(x) = -x**2 + 1484*x - 35046. Determine n(24).
-6
Let a(b) = 4*b**2 + 137345*b + 3. What is a(0)?
3
Let q(v) = 20*v**3 - 961*v**2 + 44*v + 179. What is q(48)?
-13
Let l(c) = -2*c**2 + 12606*c + 584107. What is l(-46)?
-1
Let i(d) = d**2 + 8486865*d + 16973726. Determine i(-2).
0
Let h(k) = -3*k**3 - 573*k**2 - 27321*k + 206. Calculate h(-99).
-91
Let h(z) = z**3 - 14*z**2 - 172*z + 2123. What is h(10)?
3
Let m(n) = 3065*n + 364381. Give m(-119).
-354
Let y(w) = -19*w**2 - 493*w + 1633. Give y(-29).
-49
Let k(m) = 1095*m + 3944. What is k(-3)?
659
Let x(u) = -u**2 + 13858*u + 639589. Give x(-46).
5
Let n(o) = -o**3 + 16*o**2 - 120*o + 358. What is n(7)?
-41
Let d(r) = -55*r**3 - 495*r**2 - 12*r - 16. Give d(-9).
92
Let a(y) = -y + 861. Determine a(-21).
882
Let h(a) = 2*a**3 + 185*a**2 + 4278*a + 29. Determine h(-45).
-106
Let p(c) = -55*c**2 - 98*c + 278. What is p(5)?
-1587
Let m(i) = -5755*i + 17933. Calculate m(3).
668
Let v(t) = 16*t**2 + 7477*t + 152072. What is v(-446)?
-14
Let n(c) = -12*c**2 - 2360*c + 162502. What is n(54)?
70
Let s(m) = 12*m**2 - 1945*m - 13915. Calculate s(-7).
288
Let r(d) = 2*d**3 - 107*d**2 - 213*d - 363. Give r(55).
-3003
Let g(a) = a**3 + 38*a**2 - 15*a - 72. Give g(-38).
498
Let g(m) = -708*m - 4403. Determine g(-6).
-155
Let b(n) = -3*n**3 - 11*n**2 + 38*n - 28. Give b(5).
-488
Let n(v) = 2340*v**2 + 136*v + 10. Calculate n(1).
2486
Let c(s) = -874*s - 76053. Determine c(-87).
-15
Let y(o) = o**2 - 157*o - 3146. Determine y(-18).
4
Let v(i) = 2*i**3 + 166*i**2 - 1259*i - 821. What is v(-90)?
-911
Let l(o) = -21098*o - 189913. Give l(-9).
-31
Let j(d) = 5803*d - 899459. Calculate j(155).
6
Let f(y) = y**3 + 2*y**2 - 391*y + 1604. Give f(0).
1604
Let o(b) = 32*b**2 + 237*b - 26. Determine o(-7).
-117
Let u(d) = -35*d**2 + 17539*d - 1809. Calculate u(501).
195
Let q(a) = 1815*a - 1789. What is q(1)?
26
Let v(i) = -7*i**2 - 323*i - 2332. Give v(-8).
-196
Let y(k) = 2207*k - 13272. Give y(6).
-30
Let x(u) = 3*u**3 - 19*u**2 - 394*u + 120. Give x(15).
60
Let r(u) = -u**3 - 306*u**2 + 1233*u - 2163. Give r(-310).
7
Let f(c) = -28635*c - 143513. Calculate f(-5).
-338
Let z(g) = -g**3 - 72*g**2 - 275*g - 546. Determine z(-68).
-342
Let c(w) = -32013*w + 704263. What is c(22)?
-23
Let t(z) = -19*z**2 + 18*z + 6473. Give t(-18).
-7
Let j(d) = -1280*d + 702687. Determine j(549).
-33
Let p(m) = -345*m - 77648. Calculate p(-225).
-23
Let a(t) = -t**3 - 20*t**2 + 15*t + 896. Determine a(-18).
-22
Let v(g) = 9*g**3 + 194*g**2 - 542*g - 166. Give v(-24).
170
Let q(g) = 4*g**2 - 3961*g - 31947. Calculate q(-8).
-3
Let f(b) = 2*b**3 - 47*b**2 - 271*b + 539. Calculate f(28).
7
Let t(u) = -7*u**2 + 69*u + 478. Give t(-5).
-42
Let h(d) = -264*d**2 + 52*d - 78. Give h(2).
-1030
Let b(q) = 3381*q + 158903. Give b(-47).
-4
Let l(i) = i**3 - 57*i**2 + 497*i - 272. Give l(10).
-2
Let f(q) = q**3 + 249*q**2 + 2159*q + 34. Calculate f(-9).
43
Let t(w) = -507*w + 18057. Calculate t(36).
-195
Let a(k) = -143*k**3 - 878*k**2 - 6*k + 31. Give a(-6).
-653
Let f(r) = r**2 - 10375*r + 93267. Determine f(9).
-27
Let j(l) = -663*l**2 - 2709*l + 7615. What is j(-6)?
1
Let o(g) = 23815*g + 738132. Give o(-31).
-133
Let r(z) = -z**3 + 33*z**2 - 271*z + 6494. Determine r(31).
15
Let r(b) = b**2 + 80*b + 1000. Determine r(-69).
241
Let o(v) = -36169*v - 36680. Give o(-1).
-511
Let x(v) = -42300*v + 138. Calculate x(0).
138
Let p(t) = -2*t**3 - 57*t**2 + 251*t + 855. What is p(-32)?
-9
Let g(n) = 4715*n - 207472. Calculate g(44).
-12
Let t(i) = -i**3 - 9*i**2 - 27*i - 37. Determine t(9).
-1738
Let r(b) = -4787*b + 493064. What is r(103)?
3
Let c(o) = -o**3 - 97*o**2 + 693*o + 7808. What is c(-103)?
83
Let h(b) = -2*b**3 - 134*b**2 - 763*b - 132. Determine h(-6).
54
Let d(v) = -283*v**2 + 16420*v - 357. Calculate d(58).
-9
Let l(h) = 208*h**2 - 93*h - 173. Give l(-2).
845
Let v(x) = -17*x**2 - 199*x + 2102. Determine v(10).
-1588
Let w(a) = -250*a + 13103. Give w(40).
3103
Let j(y) = y**3 - 13*y**2 + 43*y - 137. Determine j(10).
-7
Let h(s) = -3*s**3 - 668*s**2 - 3055*s - 832. Calculate h(-218).
-178
Let u(c) = 128*c + 8252. What is u(-62)?
316
Let r(y) = -11*y**3 - 67*y**2 - 373*y - 2192. What is r(-6)?
10
Let y(i) = -5*i**2 - 315*i - 4895. What is y(-28)?
5
Let k(w) = -w**3 + 413*w**2 - 819*w - 1242. Determine k(411).
-9
Let f(b) = 418*b + 134989. Calculate f(-323).
-25
Let l(j) = 3610*j - 90257. Give l(25).
-7
Let a(w) = -46*w - 440. What is a(10)?
-900
Let u(m) = -m**3 + 29*m**2 - 115*m + 304. What is u(25)?
-71
Let r(o) = -4215*o + 20877. Determine r(5).
-198
Let k(g) = -4555*g + 833565. What is k(183)?
0
Let w(x) = -3681*x + 456493. Calculate w(124).
49
Let r(p) = 36494*p + 218985. Determine r(-6).
21
Let n(w) = 4949*w + 395911. Calculate n(-80).
-9
Let t(q) = 3*q**3 - 22*q**2 - 5563*q - 31959. Give t(-6).
-21
Let c(h) = -2*h**3 - 22*h**2 + 260*h + 2519. Determine c(-8).
55
Let v(r) = 3825*r - 275383. Calculate v(72).
17
Let j(v) = -53*v**3 + 5*v**2 - 48*v + 138. Calculate j(3).
-1392
Let z(w) = 100222*w - 1002201. Calculate z(10).
19
Let n(m) = -191*m + 4222. Calculate n(21).
211
Let m(i) = -7814*i + 64028. What is m(8)?
1516
Let b(j) = -32*j**2 - 1602*j - 11313. Give b(-7).
-1667
Let i(u) = 818489*u + 818505. Calculate i(-1).
16
Let p(z) = 15842*z - 253220. Calculate p(16).
252
Let l(k) = -28891*k - 1155617. What is l(-40)?
23
Let n(v) = 3*v**2 - 842514*v - 2527563. Calculate n(-3).
6
Let j(q) = -303699*q - 911089. Determine j(-3).
8
Let d(p) = -64620*p - 323178. Give d(-5).
-78
Let v(i) = -17401*i + 1670503. Calculate v(96).
7
Let l(u) = -u**2 + 6245*u + 283051. What is l(-45)?
1
Let s(d) = d**2 - 929*d - 39867. Give s(-41).
-97
Let j(w) = -w**3 - 8*w**2 - 31*w + 376. What is j(10)?
-1734
Let x(c) = -c**3 - 177*c**2 + 895*c + 63862. Determine x(-180).
-38
Let m(c) = c**3 + 111*c**2 - 589*c - 1770. Calculate m(-116).
-726
Let y(c) = 10*c**2 + 105*c - 5364. Determine y(-29).
1
Let s(c) = -c**3 + 36*c**2 - 71*c + 3935. Calculate s(37).
-61
Let s(m) = -49*m**2 + 14938*m + 2142. Determine s(305).
7
Let w(g) = 97469*g - 584737. Determine w(6).
77
Let w(i) = -i**3 - 8*i**2 - 2687*i - 29921. Calculate w(-11).
-1
Let c(k) = -2067*k - 423839. Give c(-205).
-104
Let x(w) = 2075*w + 518745. Calculate x(-250).
-5
Let v(n) = -n**3 + 2*n**2 + 247*n - 2657. Give v(10).
-987
Let o(h) = 3*h**3 - 38*h**2 + 101*h - 42. Determine o(11).
464
Let c(h) = -5*h**3 + 393*h**2 + 1395*h - 135. What is c(82)?
-53
Let q(n) = 40*n + 5421. Calculate q(-129).
261
Let p(w) = -2*w**2 + 1414*w - 249493. Determine p(339).
11
Let v(n) = -4*n**3 - 39*n**2 + 33*n + 274. Calculate v(-9).
-266
Let w(h) = 17*h**3 + 11181*h**2 - 67682*h + 15. Calculate w(6).
111
Let c(s) = s**3 + 34*s**2 + 53*s + 194. Calculate c(-33).
-466
Let y(w) = 37457*w - 74950. What is y(2)?
-36
Let w(k) = -5*k**2 + 3241*k + 5839. What is w(650)?
-11
Let n(c) = 16102*c + 113035. Determine n(-7).
321
Let c(k) = 3366*k + 134463. What is c(-40)?
-177
Let t(z) = 755*z**2 - 53631*z + 1888. What is t(71)?
42
Let d(j) = -12935*j + 388046. Determine d(30).
-4
Let n(p) = 25872*p + 3078801. Calculate n(-119).
33
Let j(r) = -183